se -13*j - j + 8728 = -25922. What is the units digit of j?
5
Let v = -147 + 177. Suppose 0 = -p + 251 + v. What is the tens digit of p?
8
What is the tens digit of (-1 + -8871 - 0)*(-4 - 110/(-40))?
9
Suppose 196*v = 184*v + 252. Suppose -v*d + 3457 = -17753. What is the hundreds digit of d?
0
Suppose 2*y = 5*r - 40, 5*r - y + 18 = 58. What is the hundreds digit of ((-402)/(-36)*9)/(3/r)?
2
Let y be (8/3)/((-1)/(-93)). Let k = y + -155. Suppose 0 = 3*h, 5*g - 5*h - k = 2*g. What is the tens digit of g?
3
Let h be (-10)/(-25) - (1 - (-396)/(-10)). Let v be 22/143 - 3750/h. Let p = 102 + v. What is the units digit of p?
6
Suppose -227829 = -15*l - 42*l. Let o = -2473 + l. What is the tens digit of o?
2
Suppose -77*r + 754268 + 349065 = 0. What is the hundreds digit of r?
3
Suppose 5*l = -2*o + 9, 11 + 11 = o - l. Let c(b) = b**2 - 5*b - 38. Let j be c(o). Let v = j + -98. What is the tens digit of v?
6
Let q = 43 - 24. Suppose -3*y - 13 = -q. Suppose -96 = -2*t - 8*h + 3*h, -4*t = y*h - 224. What is the tens digit of t?
5
Suppose -d + 35 = 4*i, i + 10 = -0*i - 4*d. Let g be ((-316)/237)/(6/81). What is the tens digit of (11/10 + g/(-45))*i?
1
Let q = -1301 + 535. Let k = 1293 + q. What is the hundreds digit of k?
5
Let l(k) be the third derivative of 47*k**4/24 - 7*k**3/2 + 20*k**2. Let j be l(-5). Let m = -136 - j. What is the hundreds digit of m?
1
Let j = 72 - 68. Suppose 15*w - 10*w + j*q = 3451, -5 = 5*q. What is the tens digit of w?
9
Suppose -374433 - 663667 = -45*h - 267025. What is the tens digit of h?
3
Let t be (-1 + (-6)/4 + 2)*-96. Let s = -36 + t. Let f(i) = i**3 - 11*i**2 - 14*i + 30. What is the units digit of f(s)?
6
Let c(m) be the third derivative of -m**6/120 + 3*m**5/20 + 23*m**4/24 - 3*m**3/2 - 180*m**2. What is the hundreds digit of c(10)?
1
Let h(u) = 358*u - 3430. What is the thousands digit of h(56)?
6
Let i = -281 - -1239. Let c = 1492 - i. What is the hundreds digit of c?
5
Suppose 2*k - 4*d = 16, 5*k - 13 = 5*d + 12. Let j be 406 - (2 + -7 + k). Suppose 0 = 2*b + 2*b - 2*s - 316, s = -5*b + j. What is the tens digit of b?
8
Let i(p) = -9*p - 269. Let r be i(-31). Let l(n) = 3*n**3 - 19*n**2 - 4*n - 12. What is the thousands digit of l(r)?
1
Suppose 0 = 5*g - 25, -7*j + 2*g + 27358 = -5*j. What is the tens digit of j?
8
Suppose 5*v + 6*m - 7*m = 243337, 5*m = -5*v + 243325. What is the units digit of v?
7
Let a be (-4)/2 + -84 + 3 + -6. Let n = 212 + a. Let o = n - 55. What is the tens digit of o?
6
Let n(l) = 64*l**2 - 4*l + 259. What is the hundreds digit of n(-18)?
0
Suppose 8 = 4*r - o - 0, 3*r - 4*o = 6. Let i = -175 - -329. Suppose 462 = 3*q - 4*v, -q + r*q - i = -v. What is the units digit of q?
4
Suppose 0 = c - 5*w + 1031 - 11926, 32634 = 3*c + 2*w. What is the tens digit of c?
8
Let k = 3593 - 2500. Let t = 1878 - k. What is the hundreds digit of t?
7
Let p(u) = 3*u**2 - 11*u - 10. Let q(g) = g**2 - 1. Let l(w) = -p(w) + 6*q(w). Let d be l(-3). What is the units digit of 80 + (-4 - (d + 1))?
7
Suppose 0 = 13*n - 28*n + 60. What is the tens digit of n/(-10*(-9)/6165)?
7
Suppose -3*j = -3*w + 26 + 64, 2*w + 5*j - 25 = 0. Suppose 4*y + i = w, y - 2*i = -3*i + 10. Let f = 14 + y. What is the units digit of f?
9
Let m(l) = 5*l**2 - 151*l + 95. What is the tens digit of m(38)?
7
Let m = 62 - 59. Suppose 0 = -0*q - m*q + 3. What is the tens digit of -1 + (0 + q)/1 - -133?
3
Suppose 3*u + 7*v - 48509 = 0, 20*u + 3*v - 48501 = 17*u. What is the units digit of u?
5
Suppose -3*k + 5*k = -2*b - 10, -5*b = 3*k + 25. Let o(f) = -4*f**2 - 3*f + 3 + 5 - 1 + k*f + f**3. What is the tens digit of o(6)?
6
Let v(f) = 58*f**2 - 50*f - 269. What is the ten thousands digit of v(-33)?
6
Suppose 6*g - 11 - 1 = 0. Suppose -g*c = 5*p - 15, -4*p + 0 + 25 = -c. What is the units digit of 384/p - 2/(-10)?
7
Let i(v) = -v + 11. Let j be i(7). Let x(s) = -s**3 + 14*s**2 - 32*s - 9. Let d be x(11). Suppose -j = l, -g + 9 = d*l - 8. What is the units digit of g?
5
Suppose 171*o - 602073 - 466164 = 0. What is the thousands digit of o?
6
Let x = 13270 + -7459. What is the hundreds digit of x?
8
Let g(s) = 2030*s - 1637. What is the hundreds digit of g(20)?
9
Suppose -51*g + 147216 = -103653. What is the hundreds digit of g?
9
Suppose -23*m + 27*m = -20. Let a be 2/10 + 921/m. Let k = a - -284. What is the tens digit of k?
0
Let w = -510 - -254. Let f be (-10)/(-25) - (1 - w/(-10)). Suppose -3*q = 2*m - 4*q - f, -4 = m + 5*q. What is the tens digit of m?
1
Let j(r) be the second derivative of 29/12*r**4 + 4*r**2 - r**3 + 0 - 10*r. What is the hundreds digit of j(2)?
1
Let s(j) = -2*j**2 + 2*j. Let w be s(2). Let g(v) = -v + 20*v + 11 + 15*v**2 - 12*v - 5 - 10*v**2. What is the tens digit of g(w)?
5
What is the units digit of 241366/229 - -1*6*(-1)/1?
8
Suppose 3*s = -0*s - 3*n + 2883, -s - 5*n = -981. Suppose 4*v = -3*j + 1916, -s = 3*v - 5*v - j. What is the tens digit of v?
7
Let q(t) = 3*t - 33. Let a be q(-9). Let s = a + 105. Let p = 102 - s. What is the tens digit of p?
5
Let g(d) = 3*d + 22. Let q(u) = u**2 - 8*u - 4. Let b be q(6). Let n be g(b). Let y = 27 + n. What is the units digit of y?
1
Let b = -1278 + 58. Let l = b - -1768. What is the tens digit of l?
4
Suppose 3*j - 2*t + 320 = -j, 332 = -4*j - 4*t. Let x = -953 - -1059. Let a = x + j. What is the units digit of a?
5
Suppose 0 = -30*m + 60456 + 15924. Suppose -4*w + 2102 = 2*n, 647 = 3*n - 2*w - m. What is the tens digit of n?
6
Suppose 5*o + 2 = 5*y - 13, 5*o - 20 = -2*y. Suppose 5*h + y*c = c + 645, 5 = c. Let d = 177 - h. What is the units digit of d?
2
Suppose -50*d + 9880 = -45*d. Suppose 5*q + 406 = d. What is the units digit of q?
4
Let j(g) = -9*g + 41. Let m be j(4). Suppose -461 = -2*i - m*s, 5*s - 4*s + 666 = 3*i. What is the units digit of i?
3
Let v(b) = 6*b + 5. Let z be v(-19). Let x = 515 + z. What is the tens digit of x?
0
Let b = 70 - 67. Suppose 3*w - 1394 = b*n - 7*n, 5*n - 1737 = -w. Let v = n + -219. What is the units digit of v?
8
Let s(l) = 5*l**2 + 4*l + 7. Let g be s(6). Suppose -g = -3*d + 1637. What is the tens digit of d?
1
Suppose 18*x = -19*x + 1467568. What is the hundreds digit of x?
6
Let z(u) = 53*u**2 + 113*u - 1577. What is the thousands digit of z(14)?
0
Let m(f) = -f**3 - 36*f**2 - 55*f + 675. What is the units digit of m(-43)?
3
Let b be 7/((-21)/6) + -2. Let s be 0 + ((-8)/2 - b). Suppose -3*n + 7*n - 648 = s. What is the hundreds digit of n?
1
Suppose -8*p - 16 + 40 = 0. Suppose -p*g - 736 = -2656. What is the tens digit of g?
4
Let z(j) = j + 15. Let k = -54 + 43. Let h be z(k). Suppose -h*s = 43 - 183. What is the units digit of s?
5
Let s be (-256)/(-48) - (-1)/(-3). Suppose s*i + 3 = -5*z - 2, -2*z - i = 1. Suppose 4*m - 5*x - 9 = m, 2*x - 6 = z. What is the units digit of m?
8
Let t(p) = 6*p**3 - 10*p**2 - 2*p + 20. What is the thousands digit of t(12)?
8
Suppose 3889221 = 186*k - 9*k. What is the ten thousands digit of k?
2
Let o(u) be the third derivative of -u**5/60 + 17*u**4/8 - 79*u**3/6 + 76*u**2 - 2*u. What is the units digit of o(29)?
9
What is the units digit of (2614794/65 - 13) + 16/40?
5
Let a = 2643 - -4844. What is the thousands digit of a?
7
Suppose 14 = 4*j + 6. Suppose -a + 499 = t - 0*a, t + j*a = 504. What is the units digit of t?
4
Suppose -4*o + 5*m = -122274, 90*o = 87*o + 5*m + 91698. What is the hundreds digit of o?
5
Let g(p) = -49*p**3 - 2*p**2 - 3*p - 2. Let v be g(-1). Suppose -v = 52*l - 50*l. Let q = l - -69. What is the tens digit of q?
4
Let l(t) = 10*t**2 + 18*t - 5. Let x be l(-10). Let b = x + -470. What is the hundreds digit of b?
3
Let i(a) = -a**2 + 53*a - 413. Let k be i(10). Let w = 8 - 16. Let c = w + k. What is the units digit of c?
9
What is the hundreds digit of ((-34)/(-119)*-146867)/(-2)?
9
Suppose -3*v + 2*t - 130 = 0, -7*v = -3*v + 5*t + 181. What is the hundreds digit of (-2162)/(-8) + (-33)/v?
2
Let z be (-1)/(-2 + 183/90)*-22. Suppose 2*r = z + 1734. Suppose 756 = 7*v - r. What is the tens digit of v?
7
Let o = 572 - 850. Let q = o - -283. What is the units digit of q?
5
Suppose 5*m - 8982 = k, 1039 = m + 3*k - 751. Let c = 2808 - m. What is the thousands digit of c?
1
Let b(n) = -19 - 111*n**2 + 346*n**2 - 27*n - 93*n**2 - 115*n**2. What is the hundreds digit of b(7)?
1
Sup